{"id":583,"date":"2022-02-11T15:38:34","date_gmt":"2022-02-11T13:38:34","guid":{"rendered":"https:\/\/www.bnhof.de\/?page_id=583"},"modified":"2022-02-16T17:39:07","modified_gmt":"2022-02-16T15:39:07","slug":"stoerung","status":"publish","type":"page","link":"https:\/\/www.bnhof.de\/?page_id=583","title":{"rendered":"Internetverbindung \u2013 St\u00f6rungsmeldung"},"content":{"rendered":"\n<p>Wir unterst\u00fctzen Sie bei einem Ausfall Ihrer Internetverbindung per Kabel. Bitte beachten Sie, das die Unterst\u00fctzung auf ehrenamtlicher Basis erfolgt und im Zweifel eine Behebung durch Ihren Internetanbieter nicht ersetzen kann. Wir k\u00f6nnen Ihnen aber helfen, g\u00e4ngige Fehlerquellen im Vorfeld zu beheben. Der Service ist zun\u00e4chst beschr\u00e4nkt auf das Postleitzahlengebiet 95182 (D\u00f6hlau).<\/p>\n\n\n\n<div class=\"wp-block-contact-form-7-contact-form-selector\">\n<div class=\"wpcf7 no-js\" id=\"wpcf7-f588-o1\" lang=\"en-US\" dir=\"ltr\" data-wpcf7-id=\"588\">\n<div class=\"screen-reader-response\"><p role=\"status\" aria-live=\"polite\" aria-atomic=\"true\"><\/p> <ul><\/ul><\/div>\n<form action=\"\/index.php?rest_route=%2Fwp%2Fv2%2Fpages%2F583#wpcf7-f588-o1\" method=\"post\" class=\"wpcf7-form init\" aria-label=\"Contact form\" novalidate=\"novalidate\" data-status=\"init\">\n<fieldset class=\"hidden-fields-container\"><input type=\"hidden\" name=\"_wpcf7\" value=\"588\" \/><input type=\"hidden\" name=\"_wpcf7_version\" value=\"6.1.5\" \/><input type=\"hidden\" name=\"_wpcf7_locale\" value=\"en_US\" \/><input type=\"hidden\" name=\"_wpcf7_unit_tag\" value=\"wpcf7-f588-o1\" \/><input type=\"hidden\" name=\"_wpcf7_container_post\" value=\"0\" \/><input type=\"hidden\" name=\"_wpcf7_posted_data_hash\" value=\"\" \/><input type=\"hidden\" name=\"_wpcf7_recaptcha_response\" value=\"\" \/>\n<\/fieldset>\n<p><label> Ihr Name<br \/>\n<span class=\"wpcf7-form-control-wrap\" data-name=\"your-name\"><input size=\"40\" maxlength=\"400\" class=\"wpcf7-form-control wpcf7-text wpcf7-validates-as-required\" aria-required=\"true\" aria-invalid=\"false\" value=\"\" type=\"text\" name=\"your-name\" \/><\/span> <\/label>\n<\/p>\n<p><label> Ihre E-Mail Adresse<br \/>\n<span class=\"wpcf7-form-control-wrap\" data-name=\"your-email\"><input size=\"40\" maxlength=\"400\" class=\"wpcf7-form-control wpcf7-email wpcf7-validates-as-required wpcf7-text wpcf7-validates-as-email\" aria-required=\"true\" aria-invalid=\"false\" value=\"\" type=\"email\" name=\"your-email\" \/><\/span> <\/label>\n<\/p>\n<p><label> Ihre PLZ<br \/>\n<span class=\"wpcf7-form-control-wrap\" data-name=\"min:95182\"><input class=\"wpcf7-form-control wpcf7-number wpcf7-validates-as-required wpcf7-validates-as-number\" max=\"95182\" aria-required=\"true\" aria-invalid=\"false\" value=\"\" type=\"number\" name=\"min:95182\" \/><\/span> <\/label>\n<\/p>\n<p><label> Wie sind Sie mit dem Internet verbunden?<br \/>\n<span class=\"wpcf7-form-control-wrap\" data-name=\"verbindung\"><select class=\"wpcf7-form-control wpcf7-select wpcf7-validates-as-required\" aria-required=\"true\" aria-invalid=\"false\" name=\"verbindung\"><option value=\"kabellos\">kabellos<\/option><option value=\"mit Kabel\">mit Kabel<\/option><option value=\"beides\">beides<\/option><\/select><\/span> <\/label>\n<\/p>\n<p><label> Ich erkenne die Datenschutzbestimmungen des B\u00fcrgernetzvereins an.<br \/>\n<span class=\"wpcf7-form-control-wrap\" data-name=\"dsgvo\"><span class=\"wpcf7-form-control wpcf7-checkbox wpcf7-validates-as-required\"><span class=\"wpcf7-list-item first last\"><input type=\"checkbox\" name=\"dsgvo[]\" value=\"Ja\" \/><span class=\"wpcf7-list-item-label\">Ja<\/span><\/span><\/span><\/span> <\/label>\n<\/p>\n<p><input class=\"wpcf7-form-control wpcf7-submit has-spinner\" type=\"submit\" value=\"Absenden\" \/>\n<\/p><p style=\"display: none !important;\" class=\"akismet-fields-container\" data-prefix=\"_wpcf7_ak_\"><label>&#916;<textarea name=\"_wpcf7_ak_hp_textarea\" cols=\"45\" rows=\"8\" maxlength=\"100\"><\/textarea><\/label><input type=\"hidden\" id=\"ak_js_1\" name=\"_wpcf7_ak_js\" value=\"111\"\/><script>document.getElementById( \"ak_js_1\" ).setAttribute( \"value\", ( new Date() ).getTime() );<\/script><\/p><div class=\"wpcf7-response-output\" aria-hidden=\"true\"><\/div>\n<\/form>\n<\/div>\n<\/div>\n","protected":false},"excerpt":{"rendered":"<p>Wir unterst\u00fctzen Sie bei einem Ausfall Ihrer Internetverbindung per Kabel. Bitte beachten Sie, das die Unterst\u00fctzung auf ehrenamtlicher Basis erfolgt und im Zweifel eine Behebung durch Ihren Internetanbieter nicht ersetzen kann. Wir k\u00f6nnen Ihnen aber helfen, g\u00e4ngige Fehlerquellen im Vorfeld zu beheben. Der Service ist zun\u00e4chst beschr\u00e4nkt auf das Postleitzahlengebiet 95182 (D\u00f6hlau).<\/p>\n","protected":false},"author":2,"featured_media":0,"parent":0,"menu_order":0,"comment_status":"closed","ping_status":"closed","template":"template-fullwidth.php","meta":{"footnotes":"","_links_to":"","_links_to_target":""},"class_list":["post-583","page","type-page","status-publish","hentry"],"_links":{"self":[{"href":"https:\/\/www.bnhof.de\/index.php?rest_route=\/wp\/v2\/pages\/583","targetHints":{"allow":["GET"]}}],"collection":[{"href":"https:\/\/www.bnhof.de\/index.php?rest_route=\/wp\/v2\/pages"}],"about":[{"href":"https:\/\/www.bnhof.de\/index.php?rest_route=\/wp\/v2\/types\/page"}],"author":[{"embeddable":true,"href":"https:\/\/www.bnhof.de\/index.php?rest_route=\/wp\/v2\/users\/2"}],"replies":[{"embeddable":true,"href":"https:\/\/www.bnhof.de\/index.php?rest_route=%2Fwp%2Fv2%2Fcomments&post=583"}],"version-history":[{"count":12,"href":"https:\/\/www.bnhof.de\/index.php?rest_route=\/wp\/v2\/pages\/583\/revisions"}],"predecessor-version":[{"id":624,"href":"https:\/\/www.bnhof.de\/index.php?rest_route=\/wp\/v2\/pages\/583\/revisions\/624"}],"wp:attachment":[{"href":"https:\/\/www.bnhof.de\/index.php?rest_route=%2Fwp%2Fv2%2Fmedia&parent=583"}],"curies":[{"name":"wp","href":"https:\/\/api.w.org\/{rel}","templated":true}]}}