{"id":35,"date":"2013-06-14T13:14:38","date_gmt":"2013-06-14T11:14:38","guid":{"rendered":"http:\/\/www.phatmedia.de\/bnv\/?page_id=35"},"modified":"2017-04-03T18:05:29","modified_gmt":"2017-04-03T16:05:29","slug":"vorstand","status":"publish","type":"page","link":"https:\/\/www.bnhof.de\/?page_id=35","title":{"rendered":"Vorstand"},"content":{"rendered":"<h1>Der Vorstand auf einem Blick<\/h1>\n<p>Ihre Ansprechpartner<br \/>\nDer Vorstand besteht aus dem Vorsitzenden, einem stellvertretenden Vorsitzenden, dem Schriftf\u00fchrer und dem Kassenwart.<\/p>\n<p>Aktueller Vorstand:<br \/>\n\u2022 Stellvertreter: Harald Th\u00fcmmler<br \/>\n\u2022 Schriftf\u00fchrer: Wastl Steinh\u00e4usser<\/p>\n<p>Der Vorstand wird von der Mitgliederversammlung auf 2 Jahre gew\u00e4hlt. Die Vorstandsmitglieder bleiben auch nach dem Ablauf ihrer Amtszeit bis zu den Neuwahlen im Amt.<\/p>\n","protected":false},"excerpt":{"rendered":"<p>Der Vorstand auf einem Blick Ihre Ansprechpartner Der Vorstand besteht aus dem Vorsitzenden, einem stellvertretenden Vorsitzenden, dem Schriftf\u00fchrer und dem Kassenwart. Aktueller Vorstand: \u2022 Stellvertreter: Harald Th\u00fcmmler \u2022 Schriftf\u00fchrer: Wastl Steinh\u00e4usser Der Vorstand wird von der Mitgliederversammlung auf 2 Jahre gew\u00e4hlt. Die Vorstandsmitglieder bleiben auch nach dem Ablauf ihrer Amtszeit bis zu den Neuwahlen im [&hellip;]<\/p>\n","protected":false},"author":1,"featured_media":0,"parent":16,"menu_order":5,"comment_status":"closed","ping_status":"closed","template":"","meta":{"footnotes":"","_links_to":"","_links_to_target":""},"class_list":["post-35","page","type-page","status-publish","hentry"],"_links":{"self":[{"href":"https:\/\/www.bnhof.de\/index.php?rest_route=\/wp\/v2\/pages\/35","targetHints":{"allow":["GET"]}}],"collection":[{"href":"https:\/\/www.bnhof.de\/index.php?rest_route=\/wp\/v2\/pages"}],"about":[{"href":"https:\/\/www.bnhof.de\/index.php?rest_route=\/wp\/v2\/types\/page"}],"author":[{"embeddable":true,"href":"https:\/\/www.bnhof.de\/index.php?rest_route=\/wp\/v2\/users\/1"}],"replies":[{"embeddable":true,"href":"https:\/\/www.bnhof.de\/index.php?rest_route=%2Fwp%2Fv2%2Fcomments&post=35"}],"version-history":[{"count":7,"href":"https:\/\/www.bnhof.de\/index.php?rest_route=\/wp\/v2\/pages\/35\/revisions"}],"predecessor-version":[{"id":387,"href":"https:\/\/www.bnhof.de\/index.php?rest_route=\/wp\/v2\/pages\/35\/revisions\/387"}],"up":[{"embeddable":true,"href":"https:\/\/www.bnhof.de\/index.php?rest_route=\/wp\/v2\/pages\/16"}],"wp:attachment":[{"href":"https:\/\/www.bnhof.de\/index.php?rest_route=%2Fwp%2Fv2%2Fmedia&parent=35"}],"curies":[{"name":"wp","href":"https:\/\/api.w.org\/{rel}","templated":true}]}}